factors of 1330?
2, 5, 7, 19
What are the prime factors of 6619?
6619
List the prime factors of 2296.
2, 7, 41
What are the prime factors of 28072?
2, 11, 29
List the prime factors of 1516.
2, 379
What are the prime factors of 5340?
2, 3, 5, 89
What are the prime factors of 30532?
2, 17, 449
List the prime factors of 1324.
2, 331
What are the prime factors of 1413?
3, 157
What are the prime factors of 93?
3, 31
What are the prime factors of 51058?
2, 7, 521
What are the prime factors of 114788?
2, 28697
What are the prime factors of 19849?
23, 863
What are the prime factors of 20448?
2, 3, 71
What are the prime factors of 1630?
2, 5, 163
What are the prime factors of 792?
2, 3, 11
List the prime factors of 43044.
2, 3, 17, 211
List the prime factors of 5055.
3, 5, 337
What are the prime factors of 218?
2, 109
What are the prime factors of 51819?
3, 23, 751
List the prime factors of 3077.
17, 181
What are the prime factors of 5123?
47, 109
What are the prime factors of 141241?
141241
List the prime factors of 117398.
2, 58699
List the prime factors of 7899.
3, 2633
What are the prime factors of 462?
2, 3, 7, 11
What are the prime factors of 12489?
3, 23, 181
What are the prime factors of 21180?
2, 3, 5, 353
What are the prime factors of 14619?
3, 11, 443
What are the prime factors of 3542?
2, 7, 11, 23
What are the prime factors of 22008?
2, 3, 7, 131
What are the prime factors of 1094?
2, 547
List the prime factors of 1409.
1409
What are the prime factors of 11104?
2, 347
List the prime factors of 3673.
3673
What are the prime factors of 406?
2, 7, 29
List the prime factors of 250.
2, 5
What are the prime factors of 14271?
3, 67, 71
What are the prime factors of 14942?
2, 31, 241
What are the prime factors of 98357?
7, 14051
List the prime factors of 19502.
2, 7, 199
List the prime factors of 743.
743
What are the prime factors of 34472?
2, 31, 139
List the prime factors of 5939.
5939
What are the prime factors of 24690?
2, 3, 5, 823
What are the prime factors of 2700?
2, 3, 5
What are the prime factors of 5279?
5279
List the prime factors of 2489.
19, 131
List the prime factors of 97009.
11, 8819
List the prime factors of 29146.
2, 13, 19, 59
What are the prime factors of 1687?
7, 241
What are the prime factors of 76414?
2, 13, 2939
List the prime factors of 6661.
6661
List the prime factors of 52445.
5, 17, 617
List the prime factors of 9463.
9463
What are the prime factors of 72585?
3, 5, 1613
What are the prime factors of 12026?
2, 7, 859
What are the prime factors of 140256?
2, 3, 487
What are the prime factors of 18614?
2, 41, 227
What are the prime factors of 26298?
2, 3, 487
List the prime factors of 3507.
3, 7, 167
What are the prime factors of 271?
271
What are the prime factors of 16655?
5, 3331
List the prime factors of 1052.
2, 263
List the prime factors of 5982.
2, 3, 997
What are the prime factors of 5306?
2, 7, 379
List the prime factors of 306.
2, 3, 17
What are the prime factors of 34031?
34031
What are the prime factors of 20719?
20719
What are the prime factors of 47320?
2, 5, 7, 13
List the prime factors of 139471.
211, 661
What are the prime factors of 7940?
2, 5, 397
What are the prime factors of 35133?
3, 7, 239
List the prime factors of 28367.
19, 1493
What are the prime factors of 20831?
37, 563
What are the prime factors of 4379?
29, 151
What are the prime factors of 48196?
2, 12049
List the prime factors of 11100.
2, 3, 5, 37
What are the prime factors of 16091?
16091
What are the prime factors of 2072?
2, 7, 37
List the prime factors of 1148.
2, 7, 41
What are the prime factors of 13368?
2, 3, 557
List the prime factors of 70.
2, 5, 7
List the prime factors of 2516.
2, 17, 37
List the prime factors of 1029.
3, 7
What are the prime factors of 708?
2, 3, 59
List the prime factors of 15507.
3, 1723
What are the prime factors of 1970?
2, 5, 197
List the prime factors of 594.
2, 3, 11
What are the prime factors of 200?
2, 5
List the prime factors of 12872.
2, 1609
List the prime factors of 39.
3, 13
List the prime factors of 16970.
2, 5, 1697
List the prime factors of 10479.
3, 7, 499
List the prime factors of 286.
2, 11, 13
List the prime factors of 2848.
2, 89
What are the prime factors of 3413?
3413
What are the prime factors of 1651?
13, 127
What are the prime factors of 2283?
3, 761
What are the prime factors of 36065?
5, 7213
What are the prime factors of 249?
3, 83
What are the prime factors of 541?
541
What are the prime factors of 7776?
2, 3
List the prime factors of 1955.
5, 17, 23
What are the prime factors of 2250?
2, 3, 5
List the prime factors of 8189.
19, 431
What are the prime factors of 3699?
3, 137
What are the prime factors of 475?
5, 19
List the prime factors of 2276.
2, 569
List the prime factors of 49550.
2, 5, 991
List the prime factors of 2421.
3, 269
List the prime factors of 2018.
2, 1009
What are the prime factors of 4418?
2, 47
What are the prime factors of 93?
3, 31
What are the prime factors of 163?
163
List the prime factors of 465.
3, 5, 31
List the prime factors of 380.
2, 5, 19
What are the prime factors of 102462?
2, 3, 17077
What are the prime factors of 1205?
5, 241
What are the prime factors of 14018?
2, 43, 163
What are the prime factors of 33215?
5, 7, 13, 73
What are the prime factors of 1258?
2, 17, 37
What are the prime factors of 457?
457
What are the prime factors of 12080?
2, 5, 151
What are the prime factors of 7793?
7793
What are the prime factors of 2634?
2, 3, 439
List the prime factors of 4097.
17, 241
What are the prime factors of 125704?
2, 19, 827
What are the prime factors of 576?
2, 3
List the prime factors of 24144.
2, 3, 503
List the prime factors of 1682.
2, 29
What are the prime factors of 2238?
2, 3, 373
List the prime factors of 1452.
2, 3, 11
List the prime factors of 1480.
2, 5, 37
What are the prime factors of 467?
467
List the prime factors of 484.
2, 11
List the prime factors of 1019.
1019
What are the prime factors of 704?
2, 11
List the prime factors of 4807.
11, 19, 23
What are the prime factors of 97673?
97673
What are the prime factors of 449?
449
List the prime factors of 534.
2, 3, 89
What are the prime factors of 27626?
2, 19, 727
What are the prime factors of 65412?
2, 3, 23, 79
What are the prime factors of 3086?
2, 1543
List the prime factors of 2853.
3, 317
What are the prime factors of 39441?
3, 13147
List the prime factors of 18259.
19, 31
List the prime factors of 3786.
2, 3, 631
What are the prime factors of 1083?
3, 19
List the prime factors of 4669.
7, 23, 29
List the prime factors of 3021.
3, 19, 53
What are the prime factors of 264?
2, 3, 11
What are the prime factors of 31036?
2, 7759
What are the prime factors of 976?
2, 61
What are the prime factors of 88?
2, 11
What are the prime factors of 16370?
2, 5, 1637
What are the prime factors of 1096?
2, 137
List the prime factors of 571.
571
List the prime factors of 3345.
3, 5, 223
What are the prime factors of 19376?
2, 7, 173
What are the prime factors of 17217?
3, 1913
What are the prime factors of 80681?
80681
List the prime factors of 2353.
13, 181
What are the prime factors of 4924?
2, 1231
List the prime factors of 2178.
2, 3, 11
What are the prime factors of 71977?
167, 431
What are the prime factors of 71?
71
List the prime factors of 45875.
5, 367
List the prime factors of 2153.
2153
What are the prime factors of 960?
2, 3, 5
What are the prime factors of 12269?
12269
List the prime factors of 2517.
3, 839
List the prime factors of 11393.
11393
What are the prime factors of 44484?
2, 3, 11, 337
What are the prime factors of 6172?
2, 1543
What are the prime factors of 39471?
3, 59, 223
List the prime factors of 102798.
2, 3, 5711
List the prime factors of 24336.
2, 3, 13
List the prime factors of 2670.
2, 3, 5, 89
List the prime factors of 2109.
3, 19, 37
List the prime factors of 14043.
3, 31, 151
List the prime factors of 12757.
12757
What are the prime factors of 142?
2, 71
What are the prime factors of 42102?
2, 3, 2339
List the prime factors of 135.
3, 5
What are the prime factors of 3797?
3797
What are the prime factors of 7873?
7873
What are the prime factors of 1743?
3, 7, 83
What are the prime factors of 759?
3, 11, 23
What are the prime factors of 4050?
2, 3, 5
W